, what is 1 - -7977d?
7977e
In base 9, what is 2 - -13543?
13545
In base 2, what is 1101101 - -1101100010?
1111001111
In base 15, what is -2e + 576?
547
In base 7, what is -14 - 63233?
-63250
In base 9, what is 373 - 6605?
-6222
In base 6, what is -105 + 11432?
11323
In base 2, what is 0 - 1000111111100110?
-1000111111100110
In base 11, what is 16583 + 3?
16586
In base 9, what is 3 + -10504?
-10501
In base 11, what is -2 + -271a?
-2721
In base 6, what is 152501 - 1?
152500
In base 16, what is -8 - -39667?
3965f
In base 14, what is 4 - -42911?
42915
In base 3, what is -201 + 200221110?
200220202
In base 12, what is 3 - -1088a?
10891
In base 11, what is -12 + 6a90?
6a79
In base 5, what is -2 + -1344400?
-1344402
In base 11, what is 1493a - 0?
1493a
In base 10, what is 317438 + 4?
317442
In base 2, what is -10001 - 100100010001?
-100100100010
In base 9, what is 67 - -1120?
1187
In base 8, what is 14 - -6753?
6767
In base 6, what is -2 - 2420?
-2422
In base 11, what is -200 - 74?
-274
In base 3, what is 10021012000210 - -2?
10021012000212
In base 6, what is 2 + 2551252?
2551254
In base 12, what is 0 + -4aa0?
-4aa0
In base 16, what is 4a + 45c?
4a6
In base 11, what is -a + 249a3?
24994
In base 5, what is 4 + 20244040?
20244044
In base 2, what is -1000110001001010110110 + 100?
-1000110001001010110010
In base 13, what is b7 - -b318?
b402
In base 12, what is 260b + -4?
2607
In base 16, what is -b8b + -b?
-b96
In base 4, what is 1030213021 + 3?
1030213030
In base 12, what is -44072 + 3?
-4406b
In base 4, what is 1001231131 + 0?
1001231131
In base 7, what is 4 - 220341?
-220334
In base 15, what is 110 - -19d8?
1ae8
In base 15, what is 484ba - 2?
484b8
In base 5, what is -10001 - 132?
-10133
In base 14, what is 3 - -620da?
620dd
In base 7, what is -162 - 11330?
-11522
In base 16, what is -3b - -58e?
553
In base 7, what is 60 - -104513?
104603
In base 5, what is -123412 - 3?
-123420
In base 9, what is 8 + -140641?
-140632
In base 2, what is 1101100110010 + 110?
1101100111000
In base 2, what is 101101001 + 111000?
110100001
In base 11, what is 7a + 251?
320
In base 5, what is 43 - 41130?
-41032
In base 5, what is -2241 + 441?
-1300
In base 14, what is 181aa - 5?
181a5
In base 7, what is -4210243 + 14?
-4210226
In base 9, what is -32 + 27715?
27673
In base 15, what is -3059e7 + 1?
-3059e6
In base 7, what is -50563 - 4?
-50600
In base 7, what is -341 + -202?
-543
In base 5, what is 2032 - 134?
1343
In base 16, what is -363f5 - -f?
-363e6
In base 8, what is -32221 + 353?
-31646
In base 10, what is -152973 - -3?
-152970
In base 4, what is 10 + -302301?
-302231
In base 2, what is -100101111100011 - 101?
-100101111101000
In base 14, what is -4bac0 - 5?
-4bac5
In base 11, what is -2 + 189659?
189657
In base 13, what is 18b65 + -5?
18b60
In base 3, what is 11 - 10111021020?
-10111021002
In base 15, what is ea + -58?
92
In base 3, what is 12210022 + 100?
12210122
In base 3, what is 2022212202 - 1212?
2022210220
In base 10, what is 712204 - 3?
712201
In base 3, what is -122221 - -11212002?
11012011
In base 15, what is -251e5 + -2?
-251e7
In base 4, what is -1102 + -3003012?
-3010120
In base 5, what is 13 + -2240?
-2222
In base 9, what is 2384 + 1333?
3727
In base 5, what is -30 - 4043?
-4123
In base 3, what is 1022110 - -12000?
1111110
In base 11, what is -37 - -23356?
2331a
In base 11, what is -35 - 10615?
-1064a
In base 2, what is -1000111010010000 + -100?
-1000111010010100
In base 11, what is -696484 - -4?
-696480
In base 14, what is 34 - 256?
-222
In base 6, what is 10440 - 1215?
5221
In base 6, what is -1 + 3230420?
3230415
In base 2, what is -11001000010010010 - 11?
-11001000010010101
In base 13, what is 4 - -21909?
21910
In base 8, what is 233536 - -5?
233543
In base 5, what is -233224 + 1?
-233223
In base 2, what is -10100 + 100011?
1111
In base 7, what is 4303 - -615?
5221
In base 14, what is -5 + cbd?
cb8
In base 4, what is 1023 - -12320?
20003
In base 10, what is 3 - -145751?
145754
In base 7, what is -156223 + 4?
-156216
In base 16, what is -40 - -2cf?
28f
In base 11, what is -7098 + 3?
-7095
In base 3, what is -20 + -21010110010?
-21010110100
In base 4, what is 332132331 - -1?
332132332
In base 2, what is 1001010011100001000011 + 11?
1001010011100001000110
In base 10, what is -5 - -107631?
107626
In base 4, what is 10 + -2211331?
-2211321
In base 2, what is -10000 - -10100000?
10010000
In base 3, what is -20000 + -12011122?
-12101122
In base 4, what is -22 + 23132?
23110
In base 13, what is -1 + -18103a?
-18103b
In base 2, what is -11 + -10001000110100?
-10001000110111
In base 5, what is -10320300 + 4?
-10320241
In base 9, what is -7336 - -18?
-7317
In base 7, what is -352136 - 3?
-352142
In base 15, what is 38 + -289?
-251
In base 8, what is -375 - -152?
-223
In base 15, what is 2e8621 - -2?
2e8623
In base 4, what is 1 - -103203221?
103203222
In base 14, what is -1851c - -50?
-184ac
In base 13, what is -10b9 + -1b?
-1107
In base 9, what is 4311 + 15?
4326
In base 11, what is -13 - 15207?
-1521a
In base 9, what is 14030 - -121?
14151
In base 13, what is -576 - -636?
90
In base 11, what is a - -4117?
4126
In base 6, what is -22 - -10534?
10512
In base 2, what is -11111011100 - 10000000?
-100001011100
In base 16, what is -20 + -97?
-b7
In base 5, what is -11401 - -42?
-11304
In base 5, what is 2042442 + -3?
2042434
In base 5, what is 233 + 1304201?
1304434
In base 6, what is 35305 + -11?
35254
In base 16, what is 0 + -3d9d5?
-3d9d5
In base 12, what is -319 - -1a?
-2bb
In base 4, what is -11302 - -10013?
-1223
In base 8, what is -15 - -31215?
31200
In base 4, what is 233 + -1303013?
-1302120
In base 9, what is -1358 + -288?
-1657
In base 15, what is 3 + 25b58?
25b5b
In base 7, what is -3312003 + 5?
-3311665
In base 4, what is -103 + 103030?
102321
In base 10, what is -152 - 8667?
-8819
In base 6, what is 104 + 12?
120
In base 4, what is -1112330 + 13?
-1112311
In base 11, what is -3904 + 251?
-3663
In base 5, what is -10 + -302124?
-302134
In base 9, what is 2 - 5602?
-5600
In base 11, what is -25 - 1144?
-1169
In base 12, what is 2057 + 413?
246a
In base 16, what is 1 + 3feb?
3fec
In base 2, what is 1010100110011 - -111?
1010100111010
In base 9, what is 46171 - -1?
46172
In base 5, what is -100443 - -1240?
-44203
In base 6, what is -14 + 10511?
10453
In base 13, what is -2 - -a39a?
a398
In base 2, what is -11010010 - 1111110?
-101010000
In base 4, what is 3020 - -230?
3310
In base 12, what is 32 + -ba21?
-b9ab
In base 13, what is 218422 + -5?
21841a
In base 11, what is -14 - 925?
-939
In base 10, what is -412 + -6896?
-7308
In base 7, what is -45551 - 20?
-45601
In base 9, what is 5 - -38556?
38562
In base 6, what is 20221 - 105?
20112
In base 2, what is -101010010000011001 - 100?
-101010010000011101
In base 11, what is 122 + -79?
54
In base 10, what is -206252 - 6?
-206258
In base 15, what is 1c + 4337?
4354
In base 16, what is 173 + -6d?
106
In base 8, what is 1021 + -5773?
-4752
In base 5, what is -20 - -1224021?
1224001
In base 3, what is 110212001 - 1?
110212000
In base 14, what is 5 + -c8b9?
-c8b4
In base 8, what is -5 + -30025?
-30032
In base 10, what is 67 - -10659?
10726
In base 6, what is -322151 - 21?
-322212
In base 16, what is -15ea + -1?
-15eb
In base 2, what is 1 + -11111001101111101?
-11111001101111100
In base 5, what is 40044220 - -4?
40044224
In base 15, what is 6 + 275be?
275c5
In base 7, what is -51 + -2146?
-2230
In base 11, what is 103 - 12?
a1
In base 16, what is -8be - -254?
-66a
In base 16, what is 11d2d - -8?
11d35
In base 2, what is 0 - 1100001011110101?
-1100001011110101
In base 12, what is 3 + 50104?
50107
In base 14, what is 265bc - -1?
265bd
In base 14, what is -28 + -5750?
-5778
In base 9, what is -401675 + 1?
-401674
In base 5, what is 100344 - 3112?
42232
In base 8, what is -5311 - 4?
-5315
In base 16, what is 1 + c747d?
c747e
In base 16, what is b - -38402?
3840d
In base 9, what is 12 + -211?
-188
In base 10, what is -9307 - 85?
-9392
In base 8, what is 46505 - -33?
46540
In base 5, what is 4 - -3120432?
3120441
In base 12, what is -4317 + 47?
-4290
In base 2, what is 111001111 + 10011010001?
11010100000
In base 11, what is 5 - 47932?
-47928
In base 8, what is -20607 - 16?
-20625
In base 16, what is b2e + -3?
b2b
In